433599 prime?
False
Is 2694073051 a composite number?
True
Is 810919661 composite?
False
Is 11880186497 prime?
True
Is 4606131851 composite?
False
Is 2869017389 a prime number?
False
Is 55123653139 prime?
False
Is 851433487 prime?
True
Is 4797916139 prime?
True
Is 1227346151 a prime number?
False
Is 523599763 prime?
False
Is 300977693 composite?
False
Is 535766571421 prime?
True
Is 1287127453 a composite number?
False
Is 213140486333 prime?
True
Is 740801071 prime?
False
Is 13625503639 composite?
True
Is 304138217 prime?
True
Is 1201609363 a composite number?
False
Is 15799932637 prime?
False
Is 11677230641 prime?
True
Is 224330759717 composite?
False
Is 14543091863 a composite number?
False
Is 8032177121 a prime number?
False
Is 27539723 a composite number?
True
Is 546301349 composite?
True
Is 596853967 composite?
True
Is 1163827529 a composite number?
False
Is 12602535977 composite?
True
Is 50816993 prime?
True
Is 785510183 a composite number?
False
Is 1833649303 a composite number?
True
Is 611744261 composite?
False
Is 400266728177 a composite number?
False
Is 871506761 composite?
True
Is 1473540491 composite?
False
Is 275129509 a prime number?
True
Is 1448808509 a composite number?
True
Is 1885302323 composite?
False
Is 617411789 composite?
False
Is 270308207 prime?
False
Is 14634243409 composite?
False
Is 1541469122 prime?
False
Is 502193467 a prime number?
True
Is 8747833313 prime?
True
Is 339313811 a composite number?
False
Is 88181340551 a composite number?
False
Is 656220781 a composite number?
True
Is 1341707123 composite?
False
Is 15335471357 composite?
False
Is 6615967 a composite number?
False
Is 1151909807 composite?
False
Is 419041569923 a prime number?
True
Is 25688376746 a composite number?
True
Is 84667027 a composite number?
True
Is 441826807 a prime number?
True
Is 773116334 a composite number?
True
Is 30943527809 a prime number?
False
Is 44729723 prime?
True
Is 2466125131 composite?
False
Is 383215403 a composite number?
False
Is 14562696403 composite?
True
Is 1129884247 composite?
False
Is 22046611841 a prime number?
True
Is 31263757687 a prime number?
False
Is 1151336779 composite?
False
Is 60053958821 a prime number?
False
Is 7149022681 a composite number?
True
Is 2378825747 a prime number?
False
Is 231667851901 a composite number?
False
Is 1954288349 prime?
False
Is 627832553 prime?
False
Is 13666516541 prime?
True
Is 268459927 a prime number?
True
Is 5609503541 composite?
False
Is 247879446233 prime?
True
Is 547566821 composite?
True
Is 266199967 composite?
True
Is 2463202943 composite?
False
Is 102067072295 prime?
False
Is 208832621 composite?
False
Is 4218226553 a prime number?
False
Is 97806437 a prime number?
True
Is 200415377 prime?
True
Is 2010777823 a composite number?
False
Is 914445383 a composite number?
False
Is 3609806177 a composite number?
True
Is 2699258099 prime?
True
Is 46222850083 composite?
True
Is 9572718901 a prime number?
True
Is 1182267257 prime?
False
Is 540838433 a composite number?
False
Is 520204339 a prime number?
True
Is 79658693987 composite?
False
Is 336584707 composite?
True
Is 8253585103 composite?
True
Is 6130288777 a prime number?
False
Is 9511676269 composite?
True
Is 37531277335 a prime number?
False
Is 20054365699 composite?
False
Is 1479244709 prime?
True
Is 107042035421 a prime number?
False
Is 790373083 a prime number?
True
Is 27272085103 composite?
False
Is 197780523953 prime?
True
Is 25044046909 prime?
False
Is 11907012833 prime?
True
Is 1287656891 a composite number?
True
Is 44157823837 a composite number?
True
Is 11628810537 composite?
True
Is 102550153 a composite number?
False
Is 4196347223 composite?
True
Is 9020982809 a prime number?
True
Is 7571492813 prime?
False
Is 20047269029 a prime number?
True
Is 14623963699 a composite number?
True
Is 34911910897 a prime number?
True
Is 9841904807 a prime number?
False
Is 294317643 composite?
True
Is 121824223601 a composite number?
False
Is 2980405321 composite?
False
Is 1532415193 a prime number?
True
Is 34005514577 a composite number?
False
Is 61266548989 a prime number?
False
Is 126259315811 composite?
False
Is 2170297209 composite?
True
Is 89513580757 prime?
True
Is 4994306881 prime?
False
Is 600377759 a composite number?
True
Is 746869133 a prime number?
False
Is 1307633297 a prime number?
True
Is 312204479 composite?
False
Is 10580852341 prime?
True
Is 48624549367 a composite number?
False
Is 9731698 a prime number?
False
Is 3194281687 composite?
True
Is 72867931 a composite number?
True
Is 41178584701 a prime number?
True
Is 26626677811 a prime number?
True
Is 2304132811 a composite number?
False
Is 49973460767 a prime number?
True
Is 11103141089 a prime number?
True
Is 1968641719 prime?
False
Is 58546124899 a composite number?
True
Is 30410442137 composite?
False
Is 149545116653 a composite number?
True
Is 20077302547 prime?
True
Is 75068109301 a composite number?
True
Is 607626122 a prime number?
False
Is 740471843 a prime number?
True
Is 23055961273 a prime number?
True
Is 3902078711 a composite number?
False
Is 410825645 composite?
True
Is 9091470517 prime?
True
Is 249371753 a prime number?
True
Is 1006406053 a prime number?
False
Is 90598561 prime?
False
Is 20779575107 prime?
False
Is 1970853419 prime?
True
Is 13259402873 a composite number?
False
Is 9344863963 composite?
True
Is 2510398349 a composite number?
True
Is 1742493691 a prime number?
True
Is 13228351369 a composite number?
True
Is 34180656089 composite?
True
Is 15307641343 a composite number?
True
Is 8208575119 a composite number?
False
Is 65717104829 a prime number?
False
Is 341136595 a composite number?
True
Is 367391499869 composite?
True
Is 14200126151 composite?
False
Is 20594443751 a composite number?
True
Is 41916859 composite?
True
Is 143243917 prime?
False
Is 643681067 a composite number?
True
Is 26313202957 a prime number?
False
Is 2021646038 prime?
False
Is 1028385049 composite?
True
Is 1075012189 a prime number?
True
Is 11354868047 a prime number?
True
Is 3997949629 a prime number?
False
Is 93743496191 a composite number?
False
Is 44271909889 a prime number?
True
Is 1542300791 a prime number?
True
Is 2991395273 a composite number?
True
Is 35587216487 a composite number?
True
Is 651180041 a composite number?
True
Is 1023815297 a prime number?
True
Is 51908014153 prime?
True
Is 50324203 a prime number?
True
Is 60987594509 prime?
True
Is 4879684039 a prime number?
True
Is 1938056851 prime?
False
Is 159861599 prime?
False
Is 1977113321 a composite number?
False
Is 24274218421 a prime number?
True
Is 3500163302 prime?
False
Is 77756027 prime?
False
Is 758471999 a prime number?
True
Is 276053267 a prime number?
False
Is 1747260241 a prime number?
True
Is 902487251 a prime number?
False
Is 1728761861 prime?
True
Is 380163557 composite?
False
Is 30536808457 a composite number?
True
Is 1262646877 a prime number?
False
Is 399157247 prime?
False
Is 5610903773 a prime number?
False
Is 200876219 prime?
False
Is 370191821 composite?
True
Is 1265079631 composite?
True
Is 5643965347 a composite number?
False
Is 699028003 a prime number?
True
Is 27958967902 a prime number?
False
Is 24989881523 a prime number?
False
Is 1984921033 a composite number?
True
Is 1339745909 a composite number?
False
Is 12291130919 a composite number?
True
Is 163376627 a composite number?
True
Is 61727068171 a composite number?
False
Is 237721249 a composite number?
False
Is 214718929 a prime number?
False
Is 251453621 composite?
False
Is 8350377751 a composite number?
False
Is 1337997893 composite?
True
Is 8003925533 a prime number?
False
Is 525630879685 composite?
True
Is 413188049 a composite number?
False
Is 54298018997 prime?
False
Is 3094820077 a prime number?
False
Is 8038489093 composite?
False
Is 7307898907 composite?
False
Is 812755639 composite?
False
Is 183944145427 a composite number?
True
Is 27739276963 a prime number?
True
Is 252894457 a composite number?
True
Is 33020323277 a composite number?
True
Is 487374659 composite?
True
Is 16113707249 prime?
True
Is 15972347129 prime?
True
Is 26719661 composite?
True
Is 1320107 prime?
True
Is 3999918643 composite?
True
Is 1290666193 prime?
True
Is 255886721 a composite number?
True
Is 611886347 a composite number?
False
Is 